?
11
Suppose -6 = 3*h + 6, 2*f - 3*h - 184 = 0. Calculate the remainder when 773 is divided by f.
85
Let n = -13 + 17. Suppose 3*w + 62 = t, -3*t + 0*t = n*w - 121. What is the remainder when t is divided by 10?
7
Suppose -27*s = -55*s + 896. What is the remainder when 220 is divided by s?
28
Let r(m) = -m**3 + 3*m**2 - 4*m**2 + 5*m + 5*m**2 + 3. Let l(a) = a**3 - 2*a**2 - 21*a + 75. Calculate the remainder when l(-5) is divided by r(5).
2
Let u(z) = 15 + 3*z**2 + z**3 - 11*z + 2*z**2 + 4*z**2 + 2. Let j be u(-10). Let m = 37 - j. Calculate the remainder when 77 is divided by m.
7
Let u(s) = 3*s - 3. Let f be u(3). Suppose 4*i - 3*k - 91 = 2*i, -2*k + f = 0. Calculate the remainder when 147 is divided by i.
47
Let f = -33 - -85. Calculate the remainder when f is divided by 5.
2
Let l(r) = r**3 + 9*r**2 - 10*r + 4. Let o be l(-10). Suppose 0*i + 5*i = -s + 44, -o*s + 51 = -5*i. What is the remainder when 54 is divided by s?
16
Suppose 4*i + o = 1316, 5*i = o + 1669 - 24. Let k(b) = -3*b - 2. Let t be k(-4). Suppose -t*y + 3*y + i = 0. Calculate the remainder when y is divided by 24.
23
Let s(m) = 26*m + 145. What is the remainder when 73 is divided by s(-5)?
13
Suppose -10*m + 74 = -46. Calculate the remainder when 22 is divided by m.
10
Let t be 2/(-3)*(-6)/(-2). Let n = -51 - -89. Calculate the remainder when n is divided by -2*(-1)/t*-8.
6
Let f be 3/(-3) + -1 + 422. Suppose -3 - f = -9*t. Calculate the remainder when t is divided by 24.
23
Let o(w) = -w**3 + 10*w**2 - 17*w - 1. Let a be o(7). Let r = -12 + a. Calculate the remainder when 73 is divided by r.
13
Let n(f) = -f**3 + 21*f**2 - 57*f + 80. Suppose 0 = 3*w - 5*p - 17, p - 47 = 2*w - 5*w. What is the remainder when n(18) is divided by w?
12
Let b(h) = -h**3 + 9*h**2 - h - 2. What is the remainder when b(4) is divided by 16?
10
Suppose -5*q + 3*h + 9 = 0, q + 25*h - 9 = 22*h. Calculate the remainder when 776 is divided by q.
2
Suppose 2*f - 24*f + 110 = 0. Let z = 29 - 14. What is the remainder when z is divided by f?
0
Suppose 4*z - 4*i - 132 = -0*z, 0 = -4*z + 3*i + 136. Let b(q) = q**2 + q - 4. What is the remainder when z is divided by b(3)?
5
Let m be (-11)/(33/(-15))*(-46)/(-2). Let a = m - 102. What is the remainder when 74 is divided by a?
9
Suppose -1445 = -5*z + 3*g - 503, -4*g - 941 = -5*z. What is the remainder when z is divided by 96?
93
Let v = 51 - -51. Calculate the remainder when v is divided by 29 + ((-10)/2 - (-18 - (-63)/9)).
32
Suppose -4755 - 2670 = -33*g. Calculate the remainder when g is divided by 49.
29
Let x(z) = 408*z**2 + 18*z + 39. Calculate the remainder when x(-2) is divided by 21.
18
Suppose 3*c - 249 = 3*g, 3*c + 2*g = c + 154. What is the remainder when c is divided by 15?
5
Suppose -2*n - 3*y + 28 = 0, y = 6*n - 5*n - 9. What is the remainder when 42 - (3 + -4 + 2) is divided by n?
8
Let b = 126 + -61. Let x be (-178)/(-8) - (-5)/(-20). Suppose 0 = 2*a - g - 44, -a = -0*a - 5*g - x. Calculate the remainder when b is divided by a.
21
What is the remainder when 61 is divided by (-4473)/(-284) - ((-1)/4 + 0)?
13
Calculate the remainder when 64 is divided by 112/3 + (2 - (-40)/(-12)).
28
Let v = 17 - 20. Suppose -3*q + 2*y = -12, -3*y - 36 = -4*q - 7*y. What is the remainder when q is divided by 2/v - (-33)/9?
0
Let q(k) = k**3 + 24*k**2 - 37*k + 1. What is the remainder when q(-25) is divided by 17?
12
Let j = -242 + 243. What is the remainder when 20 is divided by j?
0
What is the remainder when ((-3)/2)/(4/224*-6) is divided by 4?
2
Let j = 17 + -12. Suppose j*g = 152 - 37. Calculate the remainder when 66 is divided by g.
20
Let o(f) = 8 + 4*f**3 - 2*f**3 - 3 + f**2 - 3*f**3. Let x be (0 + (-2 - -2))/2. What is the remainder when 14 is divided by o(x)?
4
Suppose -75 = -3*b - 2*b. What is the remainder when b is divided by 8/(-4) + 5/1?
0
Let m = 139 - 117. What is the remainder when 151 is divided by m?
19
Let p(t) = 1. Let b(h) = -25*h - 2. Let g(r) = b(r) - 4*p(r). Let u be g(-6). Let o = 267 - u. What is the remainder when o is divided by 31?
30
What is the remainder when 683 is divided by 2/(-1 + (-168)/(-152))?
18
Suppose 5*a - 178 = 167. Calculate the remainder when a is divided by 12.
9
Let p(f) = -f**3 + 31*f**2 - 52*f + 62. What is the remainder when p(29) is divided by 42?
26
Let l be (-6)/(-8) - 28/16. What is the remainder when 37 is divided by 7 + (2/l)/(-2)?
5
Let b(i) = i**2 - 25. Calculate the remainder when 316 is divided by b(-6).
8
What is the remainder when ((-4)/((-160)/(-72)))/((-6)/140) is divided by 8?
2
Suppose -5*i - 13 = -4*k + 20, 3*k - 2*i = 23. Let y = 5 + k. Calculate the remainder when 59 is divided by y.
11
Suppose a + 2 = -0. Let b(t) = 4*t**2 - t - 2. What is the remainder when b(a) is divided by 6?
4
Let k be 2 - (-8 + 9/3). Suppose 0 = k*b - b - 18. Calculate the remainder when 5 is divided by b.
2
Suppose -5*x = -2*n + 4509, 0 = 4*n + 4*x - 5261 - 3827. Calculate the remainder when n is divided by 63.
62
Let l = 47 - 93. Calculate the remainder when 1 - l*(7/2 + -3) is divided by 9.
6
Suppose -240 = -12*t + 16*t. Let h = -50 - t. What is the remainder when h is divided by (-21)/(-1)*4/12?
3
Suppose 4*d = 2*i + 290, 7*i = 5*d + 3*i - 355. Calculate the remainder when d is divided by 20.
15
Let p = 57 + 22. Suppose 6 = -4*n + 70. Calculate the remainder when p is divided by n.
15
Suppose -14 = 4*g - 22. Suppose -2*i + 4*i = v + 20, -g*i + 5*v = -12. What is the remainder when i is divided by 7?
4
Suppose -3*m + 23 = -0*m + v, -5*m + 3*v = -15. Suppose -118 = -8*c + m*c. What is the remainder when c is divided by 20?
19
Let z = -69 - -65. Calculate the remainder when 36 is divided by (-1 - -6)/(z/(-8)).
6
Let x = -2402 + 2434. Calculate the remainder when ((-5)/(-1))/(1/19) is divided by x.
31
Let i be ((-1)/2)/(1/(-8)). Calculate the remainder when 27*(-12)/(-8)*(2 + 0) is divided by i/(-14) + (-298)/(-14).
18
Let b = -424 - -499. Calculate the remainder when b is divided by 39.
36
Suppose -g = -4*g - 6. Let o(f) = -5*f**3 - 3*f**2 - 4*f - 4. What is the remainder when 94 is divided by o(g)?
30
Suppose 6*c - 24 = -6. Suppose 0 = b - 4*y - 9, -14 = -c*b - 4*y + 13. Calculate the remainder when b is divided by 9 + (-1)/1 - 2.
3
Suppose 3*k - 21 = 51. Suppose 3*m = -3*m + k. Suppose 0 = -2*y - 3*y + 3*j + 127, m*y - 2*j = 100. What is the remainder when y is divided by 6?
5
What is the remainder when 61*2*20/50*5 is divided by 62?
58
Suppose -11 = -5*p - 1. Suppose 4*a - 4 = 5*h + 32, -4*h = p*a - 18. Let z(r) = r**2 - 4*r + 4. What is the remainder when z(6) is divided by a?
7
Suppose 3*i = -3, 4*q + 4*i + 25 = 7*q. Calculate the remainder when 40 is divided by q.
5
Suppose -x + 2*x = 1. Let v = 3 - x. Let d = 34 - v. Calculate the remainder when d is divided by 17.
15
Suppose -5*o + 1029 = 2*o. Calculate the remainder when 25 is divided by (o/70 + 4/10)*6.
10
Let a(j) = 2*j**2 - 4*j - 6. Suppose 7*h - 5*h = 94. Let x = 86 - h. Calculate the remainder when x is divided by a(-2).
9
Suppose -5*r + 103 = -282. Let q = 185 - r. Calculate the remainder when q is divided by 37.
34
Suppose g - t = -12, 2*t + 22 = 3*g + 62. Let o(n) = 5*n**2 + n. Let w be o(-2). Let s = w + g. Calculate the remainder when 3 is divided by s.
1
Suppose 3*a - 45 = -5*b, 60 = 4*a - 0*b - 4*b. Let u(y) = -21*y - 117. Calculate the remainder when a is divided by u(-6).
6
Let a = 66 - 43. Suppose 2*g = 2*s + 1 - 7, 5*s - a = -3*g. Suppose 0 = -3*k + 2*d + 58, s*d = 6*d + 4. Calculate the remainder when 34 is divided by k.
16
Suppose -3*k = -181 + 19. Let t(i) = 0 - 26*i + 46*i - 1. What is the remainder when k is divided by t(1)?
16
Suppose 5*l - l = 4*i - 112, 2*l + 53 = i. Let a = l + 7. Calculate the remainder when a*((-15)/6)/1 is divided by 12.
9
Let r(n) = 3*n**2 + 3*n - 4. Let s be r(-4). Suppose s = 3*i + 2. What is the remainder when 28 is divided by i?
8
Let o = -1166 + 1176. Suppose n + 19 = 4*m, 2*n + 0*n = -3*m + 17. Let x = 4 - n. Calculate the remainder when o is divided by x.
1
Let n = -4 + 10. Suppose 0 = n*d - 3*d - 105. Suppose q = 4*q - 57. What is the remainder when d is divided by q?
16
Suppose -20 = 2*t - 54. Let u(f) = -f**3 + 18*f**2 - 16*f + 14. What is the remainder when u(t) is divided by 9?
4
Let j = -92 - -120. L